 - 7*y + 21. Let b(l) = 3*c(l) + m(l). Determine b(t).
21
Let o(h) = -2*h**2 - 15*h - 10. Let j(y) be the third derivative of -y**5/20 - 11*y**4/12 - 5*y**3/2 - 154*y**2. Let k(v) = 5*j(v) - 7*o(v). Calculate k(-9).
-41
Let m = -34189 + 34192. Let c(o) be the first derivative of -o**4/4 + o**3/3 + o**2/2 + 3*o + 3. What is c(m)?
-12
Let u(z) be the first derivative of z**4/4 + 2*z**3/3 - z**2/2 - 23*z - 682. Calculate u(0).
-23
Let p(y) be the third derivative of -y**4/24 - 98*y**2 - 2*y. Let s(a) = -3 + 5 - 1 - 10*a. Let m(r) = 10*p(r) - 2*s(r). What is m(-2)?
-22
Let f be ((-12)/(-14))/((-63)/(-294)). Suppose -f*j - 14 = -11*j. Suppose 5*t + 22 = -h, j*h = -3*h - 10. Let q(b) = -2*b - 1. Determine q(t).
7
Let f(q) be the second derivative of -q**4/12 + 2*q**3/3 - q**2 - 3*q - 6. Suppose 0 = n - 5*n - 2*b + 18, 0 = -4*n + 3*b + 13. Determine f(n).
-2
Let g(c) be the first derivative of 1/12*c**4 + 25/2*c**2 + 0*c + 5/6*c**3 - 36. Let x(l) be the second derivative of g(l). Give x(0).
5
Let k(w) be the second derivative of -w**5/20 + 2*w**4/3 + 8*w**3/3 + 10*w**2 - w + 280. Give k(10).
-20
Let y(i) be the second derivative of -1/2*i**3 - i**2 + 0 + 31*i. Determine y(4).
-14
Let z(f) = -f**3 - 5*f**2 + 3*f + 2. Suppose -i = i - 466. Let n = i + -237. Determine z(n).
-26
Let f(j) = j**3 + 9*j**2 - 17*j - 19. Suppose 16*p - 5*p + 451 = -30*p. Give f(p).
-74
Let u = -2304 - -2307. Suppose -72 = u*o - 84. Let j(h) = 8*h - 6. Let c(b) = -32*b + 24. Let x(q) = 2*c(q) + 9*j(q). Calculate x(o).
26
Let g(y) = -495*y + 2*y**2 - 488*y - 490*y + 1478*y - y**2 + 5. Give g(-2).
-1
Suppose 30 + 20 = 5*g. Suppose -210 + 0 = -g*s. Let y(z) = z**3 - 22*z**2 + 22*z - 21. Let k be y(s). Let l(r) = r. Determine l(k).
0
Let b(i) be the third derivative of i**6/360 - i**5/120 - i**4/24 + 21*i**3/2 - 74*i**2. Let g(k) be the first derivative of b(k). Determine g(1).
-1
Let z(i) = 12*i**2 - 2*i - 4*i**2 - 1 + i**2. Let n be z(-1). Let p(q) = -4 - 4 - 1 + 5 + q**3 + q - 9 - 10*q**2. Give p(n).
-3
Let r(g) = 199*g**2 - 43 + 58 + 7*g**3 - 219*g**2 - 9*g**3. Give r(-10).
15
Suppose -10*a + 6*a + 163 = 5*x, -5*x = -3*a - 149. Let l(j) = 0*j + 32*j**3 - 62*j**3 + x*j**3 + 3*j**2 - 1 - j. Calculate l(-4).
-13
Let x(r) = -3*r**2 + 79*r - 510. Let o be x(15). Let k(b) be the third derivative of -b**6/120 - b**4/24 - 7*b**3/6 + 2*b**2. Give k(o).
-7
Let n(z) = -3*z - 5. Suppose -7*o + 5*o + 6 = 0. Suppose 3*a = -o*v - 21, -2*a - 5*v = a + 27. Let f be a/(-22) + (-816)/132. Calculate n(f).
13
Suppose x - 2*s = 3*x + 2 - 0, -5*s = 0. Let m(j) = -3*j**2 - 6*j - 6. What is m(x)?
-3
Suppose 51 = 5*v - 4*r + 7, 28 = 4*v + 4*r. Suppose 11*g - v*g + 9 = 2*m, 4*g + 13 = 3*m. Let u(j) = -2*j**2 + 5*j - 4. Calculate u(m).
-7
Let s(u) be the second derivative of 1 + 36*u - 1/20*u**5 - 1/3*u**3 + 3/2*u**2 - 1/3*u**4. Give s(-4).
11
Let m be 9/4 - ((-9)/12 - -1). Let v(d) = 16*d**m + 11 + 4*d - 3*d - 12. What is v(1)?
16
Let k be 6/4*150/(6 - 1). Suppose -7*f + k = -4. Let w(x) = 18 + f*x + 26 - 45. Calculate w(-1).
-8
Let z(s) = 5*s + 6. Let l(h) = 11*h + 13. Let v(y) = -3*y - 17. Let p be v(-4). Let c(t) = p*z(t) + 2*l(t). What is c(-8)?
20
Let j(q) be the second derivative of -q**3/2 - q**2/2 + 34068*q. Let z(w) = -w**3 + 6*w**2 - 5*w - 2. Let u be z(4). Suppose 2*a - u = -0*a. Give j(a).
-16
Let g(s) be the first derivative of 2*s + 7/2*s**2 + 1/3*s**3 - 86. Give g(-5).
-8
Let p = 48 - 46. Suppose 0*u = 2*n - p*u + 6, 0 = -4*n + 2*u - 14. Let h be 6 - 3/((-6)/n). Let z(g) = g**3 - 6*g**2 + 5*g + 4. What is z(h)?
-8
Let g(b) = -9*b. Let d be g(-4). Let x = d + -40. Let v(j) = -j**3 - 2*j + 3*j**2 - 4*j**2 - j**2 - 3*j**2 + 1. Determine v(x).
-7
Let d(n) = -4*n - 25 + 0*n + 0*n + 23 + 5*n. Suppose g + 5*v = 3*v + 9, -2*v + 12 = 4*g. Give d(g).
-1
Suppose 5*w - 5*x = 35, -w + 3*x + 17 = -0*x. Let k(f) = -f - 18 - 6*f + 5 + 7 - 1. Let n(q) = -15*q - 15. Let c(l) = 13*k(l) - 6*n(l). Give c(w).
-3
Suppose -c + 3 = -3*f + 2*c, -f - 2*c - 13 = 0. Let w be 6 + -3 + -4 - f. Let b(z) = 7*z**2 + 2 - w*z - 2*z**2 - 6 + 7. Determine b(2).
15
Let h(i) = -2 + 3 + i**2 + 32*i - 12*i + 7 - 2. Determine h(-20).
6
Let y(t) = -13*t + 51. Let r(p) = 10*p - 52. Let s(z) = -3*r(z) - 2*y(z). Give s(13).
2
Let u(b) = 8*b**2 + 2*b + 3. Suppose -t - 5*d - 8 = 0, -d + 4 = -t - 2*d. Let g(f) = 5*f**2 + f + 1. Let h(m) = t*u(m) + 5*g(m). Determine h(-3).
8
Suppose -3*y - 2*y - 196 = -3*d, 37 = d + 4*y. Suppose 2*j = -b + 48, 0 = -3*b - 5*j + 84 + d. Let t be ((-72)/b)/6 + (-38)/14. Let o(u) = 3*u. Give o(t).
-9
Let n(v) = -v**3 + v - 1. Let j(b) = 21*b**2 + 10 + 7*b - 2 - b**3 - 16*b**2. Let u be j(7). Let h = u - -41. Calculate n(h).
-1
Let w(f) be the third derivative of f**8/6720 + f**6/720 - f**5/120 - 7*f**4/24 + 4*f**3/3 + 2*f**2 - 7. Let h(g) be the second derivative of w(g). Give h(2).
9
Let v(n) = -1319281*n + 659643*n - 1 - 1 + 659639*n. Let t = 4 - 5. What is v(t)?
-3
Let k(j) = 19*j**2 - 3*j - 13. Let n be (-2)/13 - 15088/(-4784). Determine k(n).
149
Let c(b) = 2*b + 21. Let g(q) = q**3 - 15*q**2 - 40*q + 21. Let r be g(17). Let w be (-27)/r + (-34)/3. What is c(w)?
-1
Let u(m) = m**3 + 30*m**2 + 4. Let p be u(-30). Let y(z) = -z + 12. What is y(p)?
8
Suppose -35*r = -42*r + 49. Let z(k) = 13*k - 85. Let u be z(r). Let m(t) = 2*t**2 - 13*t - 7. Determine m(u).
-13
Let k(r) = -r**2 + 22*r + 4. Let w be k(22). Suppose -5*m + 0*m = 3*a + 12, 4*m - w = a. Let d(s) = -s**2 + s - 13. Determine d(m).
-13
Let n(o) = -7*o**3 + 41*o**2 - 35*o + 7. Let c(l) = 10*l**3 - 43*l**2 + 34*l - 10. Let v(x) = 2*c(x) + 3*n(x). Calculate v(36).
-35
Suppose -3*h + 29 = 2*r, 0*h - 2*h + 46 = -4*r. Let x = h + -9. Let p(f) = f + 1. Let t(z) = z**2 - 7*z - 12. Let v(b) = x*p(b) + t(b). Give v(6).
10
Let d(j) = 38*j - 16. Let m be (-29 - (-11305)/385) + (-14)/(-22). Calculate d(m).
22
Let k = 501 - 466. Let r(i) = k - 64 + 34 + 2*i. Give r(-3).
-1
Let l(u) = 13*u. Let g(r) = 90*r + 1. Let y(j) = g(j) - 7*l(j). Determine y(-10).
11
Let m(d) = 4*d - 5. Let w(f) = -f + 7. Let u(a) = 2. Let n(j) = 7*u(j) - 2*w(j). Let k(t) = -m(t) + n(t). Let y be ((-18)/(-21))/((-4)/(-28)). Calculate k(y).
-7
Suppose 28 - 43 = -5*w. Suppose -w*f + 129 = 117. Let s(x) = 14*x - f*x - 14*x. Calculate s(-2).
8
Let v(k) = 7*k**3 + 17*k**2 - 10*k + 20. Let l(p) = 13*p**3 + 32*p**2 - 19*p + 35. Let d(z) = 6*l(z) - 11*v(z). Determine d(-5).
10
Let s(w) = -30*w**2 + 13*w - 11. Let y(n) = -89*n**2 + 37*n - 31. Suppose 20*k + 30 = 15*k. Let m(j) = k*y(j) + 17*s(j). What is m(-1)?
24
Let y(z) = -316*z + 5. Let r(h) = 369*h - 6. Let w(n) = -6*r(n) - 7*y(n). Let q = 15 + -11. Calculate w(q).
-7
Let i(s) = s**3 - 12*s + 14. Let f(j) = -j**3 - j**2 + 13*j - 16. Let p(r) = -6*f(r) - 7*i(r). Calculate p(8).
-82
Suppose 3*u - 73 = -3*h + 2*u, 2*u = 2*h - 38. Suppose h*i - 144 = -i. Let o(x) = -5*x + 3. What is o(i)?
-27
Let b = 87 + -83. Suppose l = -2*h + 2*l - 2, -l - 10 = b*h. Let n(t) = t**3 + 2*t**2 - 2*t - 2. Determine n(h).
2
Let m(t) = 459 + 12*t + 477 + t**3 - 13*t**2 + 25*t - 924. Give m(5).
-3
Let b(n) = -376*n + 190*n + 27 + 202*n - 8 + 6. Give b(-7).
-87
Let p(t) = t - 65 + 66 + 0 - 5. Give p(3).
-1
Let o(y) = 5*y - 6. Let z(k) = 10*k - 4 - 9 + k. Let s(r) = 9*o(r) - 4*z(r). Let d = 2847 - 2849. Give s(d).
-4
Let w(d) = 13*d**2 - 3*d**3 + d**3 - 10 - 771*d + 772*d + 26 + d**3. Calculate w(13).
29
Let r(s) = -355*s + 17. Let y(z) = -1509*z + 68. Let q(a) = -17*r(a) + 4*y(a). Suppose 5*o + 50 = 2*t, -2*t + 26 = -4*o - 12. Give q(o).
-5
Let s(p) be the second derivative of -p**4/12 - 5*p**3/6 + 5*p**2/2 - p + 1339. What is s(-5)?
5
Let k(s) = -10*s - 7. Suppose -u - 5*j - 1 = 0, -3*u - 131 + 114 = j. Calculate k(u).
53
Let w be (4/3 + 0)/(8/252). Let u = w + -34. Let p(g) = u*g + g - 2*g**2 + 1 + 3*g**2 + 3. Give p(-7).
-10
Let b be (-2030)/116*(-16)/2. Suppose 14*j - b = -14*j. Let c(d) = -4*d + 16. Give c(j).
-4
Let j(m) = -1. Let q(x) = x + 1. Let h be 680/70 + 10/(-14) + 1. Suppose -2*c = 2*g - 8, 2*g = 2*c + 2*c - h. Let z(b) = c*j(b) - q(b). What is z(4)?
-8
Let m(c) = 166*c + 4477. Let t be m(-27). Let z(a) = 3*a**2 - 6 - 2*a**2 - 2*a**2 - 4*a. Give z(t).
-11
Let y be (-6)/(351/45 + -9). Let v(q) be the third derivative of 0*q**3 - 2/15*q**y + 1/24*q*